7*x + 302. Suppose -4*f + 2*l = -222, l - 294 = -5*f - 2*l. What is the greatest common divisor of x and f?
57
Let z = 19282 + 1739. What is the highest common factor of z and 91?
91
Suppose 39*q = 10*q + 38106. Calculate the greatest common factor of q and 36.
18
Let v(u) = 624*u - 2520. Let j be v(19). What is the highest common factor of j and 24?
24
Let t = 195 + -189. Suppose -t*r + 23 = -109. Calculate the greatest common divisor of r and 55.
11
Suppose 0 = l - 1. Let p be l/1 - 3 - -9. Let h = 192369 - 192292. What is the greatest common divisor of p and h?
7
Let g = -2844 + 4166. What is the greatest common factor of 2 and g?
2
Suppose -98*q = -3*p - 94*q + 1892, 4*p - 2552 = -2*q. Suppose -12*v = v - 156. Calculate the highest common factor of p and v.
12
Suppose -31*c - 956 = -27*c. Let t = -186 - c. Calculate the highest common divisor of 424 and t.
53
Let t be 1/(-3) + 160/12. Let x(p) = 2*p**3 - 6*p**2 - 4*p + 4. Let i be x(4). Let j be i/(-24) - 166/(-12). What is the highest common factor of t and j?
13
Suppose -4*z + 23 = 30*y - 31*y, z = 5*y + 20. Let u be y + 32714/242 + (-4)/22. Calculate the highest common factor of u and 44.
44
Let y be ((-1443524)/2127)/((-2)/12). Calculate the greatest common factor of y and 8.
8
Let v be (-13 - -18) + -6*3. Let r be 8/(-14)*(-4 - v/(-2)). Calculate the highest common factor of 21 and r.
3
Let o = 2109 - 1845. What is the greatest common divisor of o and 110?
22
Let c be 786 + (30/35 - 1/((-7)/(-20))). What is the highest common divisor of c and 294?
98
Suppose 0 = 3*i + 5*n + 3 - 26, 2*n - 32 = -5*i. Let d be 1/((-3)/9 - 33/(-90)). What is the greatest common factor of i and d?
6
Let o(u) = -12*u + 81. Let m be o(13). Let x be 4508/60 - (-10)/m. Calculate the highest common factor of x and 600.
75
Let d be (74550/28)/1*2*1. Calculate the greatest common divisor of 30 and d.
15
Suppose -5*k = -3*t + 62 + 6, 2*k - 5*t = -31. Let l = 28 + k. Suppose -10*m = -2*v - 12*m + 20, 5*m = -4*v + 40. What is the greatest common factor of v and l?
5
Let a be (1578/(-4))/(14 + 1190/(-84)). Suppose -4*b + 1953 = -a. What is the highest common factor of 24 and b?
24
Suppose -7*i - 224 = 364. Let t = -39 - i. What is the highest common factor of t and 45?
45
Let l(o) = 4*o + 12. Let f be l(-3). Suppose f = 5*p - 4*p - 9. Let h = -93 + 165. What is the greatest common factor of h and p?
9
Let i(f) = f**3 + f**2 + 38*f + 1710. Let z be i(0). Calculate the highest common divisor of z and 152.
38
Let q be (2352/(-180)*-66)/((-1)/(-30)). Calculate the highest common factor of 21 and q.
21
Let u be (-10)/(-95) + 1085088/1824. Calculate the highest common factor of u and 8687.
119
Let c be (-2)/(-9) + 468/81. Let m be (16/(-4)*c)/(-2). What is the highest common factor of m and 12?
12
Let w(q) = 121*q + 40472. Let v be w(0). What is the greatest common divisor of 8 and v?
8
Let x(t) = -t**2 + 3*t. Let n be x(6). Let u = n + 24. Suppose 2*r - 20 = 28. Calculate the highest common divisor of r and u.
6
Suppose 5*z - 79 = -v, v + 4*z - 2*z - 91 = 0. Calculate the greatest common factor of v and 858.
33
Let u be (-1353)/242*-2 - 2/11. Let w be (44 + 2)*1 - (1 + 1). What is the highest common factor of w and u?
11
Let p be ((3 - 1) + 108)*(-2)/68*-17. Calculate the greatest common divisor of p and 4994.
11
Suppose -6*d + 39 + 33 = 0. What is the greatest common divisor of d and 7692?
12
Let w = -893 + 893. Suppose 4*x = -w*x + 52. What is the highest common factor of 117 and x?
13
Suppose 83*h - 4*x = 78*h + 11349, 0 = -2*h + 7*x + 4572. What is the greatest common factor of 151 and h?
151
Let k(o) = -38*o - 29. Suppose i + 2*i = -4*w - 38, -5*w = 4*i + 48. Let a be k(w). Suppose -3 - 97 = -4*s. What is the highest common factor of a and s?
25
Let t(j) = 7*j**2 + 8*j - 7. Let m = 118 + -115. Let b be t(m). Suppose 5*n = -a + 15, 8 = -a - 2*n + 38. What is the greatest common divisor of b and a?
40
Suppose 2*x = -4*b + 24, 3*b - 8 + 1 = 4*x. Suppose -27 = -x*m - 2*m + 5*k, -2*m + 3*k = -11. Calculate the greatest common factor of 1 and m.
1
Let p = 20979 - 19191. Calculate the highest common factor of p and 3874.
298
Suppose 0 = -0*t - t + 40. Let q be 32 + 0 + 11440/(-572). Calculate the highest common divisor of t and q.
4
Suppose 0 = -61*b + 25*b - 2001 + 6213. Calculate the greatest common factor of 2496 and b.
39
Let r(x) be the third derivative of x**4/4 - 28*x**3/3 - 4*x**2 - 7*x. Let s be r(28). What is the highest common divisor of s and 14?
14
Suppose h = -l + 10, -2 = -h + 3*l + 20. Suppose -h*d + 2232 = 18*d. What is the greatest common divisor of 64 and d?
8
Suppose m + 2*m - 186 = 0. Let x = -291 + 296. Suppose -131 = -x*w + 24. Calculate the greatest common factor of w and m.
31
Let k(d) = 6*d**3 - 22*d**3 + 3*d**3 + 76 + 8*d**3 + 6*d**3 + d - 3*d**2. Let n be k(0). What is the highest common divisor of 12 and n?
4
Let g(z) = z**2 - 82*z - 98. Let u be g(-7). What is the highest common divisor of 600 and u?
75
Let u(o) = -60*o**3 - 6*o**2 - 5*o - 6. Let x be u(-2). Let v = 620 - x. What is the highest common divisor of v and 96?
32
Suppose -60*t - 68*t + 369326 = -22354. Calculate the greatest common factor of t and 20.
20
Let q be 121*6/4*(-104)/(-39). Let s = q + -412. Let k(b) = 6*b + 6. Let n be k(7). What is the greatest common divisor of s and n?
24
Suppose g = 3*y - 77, -3*y + 10*g = 6*g - 92. Suppose -w - k + 84 = 2*k, -3*w + 252 = -k. What is the greatest common divisor of y and w?
12
Let f = 586 + -1160. Let h = 593 + f. Calculate the highest common factor of 703 and h.
19
Suppose -r + z = -4*z - 45, 78 = 2*r + 2*z. Suppose -4*v = 4*w - 512, 652 = 2*v + 3*v - w. Let k = 160 - v. What is the highest common divisor of r and k?
10
Let w = -93 + 131. Let s(f) = f**3 + 18*f**2 - 2*f - 223. Let q be s(-11). What is the highest common factor of w and q?
38
Let v(d) = d + 93. Suppose 29*j = 34*j + 190. Let c be v(j). What is the greatest common factor of 99 and c?
11
Suppose 3*z - 3 - 4 = 4*t, -5*z = 2*t - 55. Suppose z*r = 5*r + 148. Let b = 39 - r. What is the highest common factor of 5 and b?
1
Let b = -20 - -23. Suppose -2*i + 5*o = -9, 2*o + 17 = b*i - 2. Suppose 0 = -4*k + 28 + 84. What is the greatest common factor of i and k?
7
Let o be (-1)/(1/(-2718))*(5/15)/1. What is the highest common factor of 66 and o?
6
Let k be (-908)/(-4) - 6/2. What is the greatest common divisor of 490 and k?
14
Let h be 2/1 + 0 + 5. Suppose -2*m - 125 = -h*m. Let c be 47 - (-2 + 1/(-1)). What is the greatest common factor of c and m?
25
Let k = 44 + -35. Let t be 45/6*6/k. Suppose -2*m - 221 = -3*f, 31 - 83 = -f + t*m. What is the highest common divisor of 7 and f?
7
Suppose -5*a + 18*a = 13. Suppose -3*m = r - 13, 2*r + 5*m - 10 - 12 = 0. Let j be r + a + 3 + 5. What is the greatest common factor of 40 and j?
10
Let d be -4 + 10 + 5/((-5)/(-151)). Let y = d + -105. Calculate the greatest common divisor of y and 12.
4
Let s be (26/65)/((-2)/(-40)). Let l(b) = 2*b - 14. Let w be l(s). Suppose -5*r + 4 + 8 = 2*h, 4*h - w = r. Calculate the greatest common divisor of 7 and h.
1
Let w(v) = v**2 + 17*v - 41. Let x be w(4). What is the highest common divisor of x and 13244?
43
Let c = -4 + 15. Let g(p) = -31*p + 29*p - p**2 + 20 + 71. Let j be g(8). What is the greatest common factor of c and j?
11
Suppose h + u - 195 = 0, 773 = 4*h - u - 2*u. Suppose 0 = -3*x - 5*t + h, -5*x - t - t + 336 = 0. What is the highest common factor of 374 and x?
34
Let s = 2 + 76. Suppose -2*m + n - 89 = 2*m, -n = -5*m - 111. Let g = s + m. Calculate the highest common divisor of 14 and g.
14
Let n be (-46 - -96)*((-2)/(-4))/1. What is the highest common divisor of 27275 and n?
25
Let i be (28/(1008/1242))/(5/(10/3)). Let p be 1865/9 - 4/18. Calculate the highest common divisor of p and i.
23
Let a be (8/(-10))/((-66)/825). Calculate the highest common divisor of a and 191.
1
Let p be 416*(-1)/2*-1. Suppose 150 = -8*g + 10*g. Suppose 3*m + 78 = 3*r, 3*r - g - 3 = -m. Calculate the highest common factor of r and p.
26
Suppose -245076 = 1449*a - 1475*a. Calculate the highest common factor of a and 6.
6
Let a be (11/(-8)*-34)/(16 - 18408/1152). Calculate the greatest common divisor of a and 60.
12
Let d(u) = 5*u**3 - 85*u**2 + 2*u + 9. 